**2. Suppose 176 = 5*q + 3*x, 0*q = 2*q + x - 71. What is the remainder when q is divided by n(9)?
18
Suppose 8 = 4*p - 0*p. Suppose 2 + 2 = n. What is the remainder when n is divided by p?
0
Let f(m) = m**2 - 1. Let h be f(1). Let v = 10 + h. Let s = -32 - -69. What is the remainder when s is divided by v?
7
Let w = 10 - -1. Let t be 369/117 + (-2)/13. Suppose -4*r - 4*n = -176, 5*r = -6*n + t*n + 216. Calculate the remainder when r is divided by w.
9
Suppose 9 = 4*b - 123. What is the remainder when 130 is divided by b?
31
Let u(a) = a + 8. Let x(i) = 2*i**2 + 13*i + 8. What is the remainder when x(-8) is divided by u(3)?
10
Let w be -21 + (0 - -1 - 0). Let u = -10 - w. Calculate the remainder when 28 is divided by u.
8
Let s(o) = 3*o - 13. What is the remainder when s(13) is divided by 14?
12
Suppose -3*u + 5*f = -66, 9*u - 4*u - 79 = -2*f. What is the remainder when 65 is divided by u?
14
Let t be -76 + -1 + (0 - 1). Let s be (-6)/(-10) + t/5. What is the remainder when 25 is divided by 1*39/s*-5?
12
Let p = 39 - 36. What is the remainder when 14 is divided by p?
2
Suppose 2*s + 12 = 3*s. Suppose -4*p = -0*p. Suppose 2*u - 77 + 7 = p. What is the remainder when u is divided by s?
11
Let s = 26 - 9. Calculate the remainder when 33 is divided by s.
16
What is the remainder when 35 is divided by 4/(-22) + -5*414/(-495)?
3
Suppose p = 74 + 37. What is the remainder when p is divided by 23?
19
Let j = -5 + 26. Calculate the remainder when 62 is divided by j.
20
Suppose 4*f - 9 = 59. What is the remainder when 46 is divided by f?
12
Suppose 0 = -6*h - h + 49. Let v(l) = -l + 6. Calculate the remainder when v(-6) is divided by h.
5
Let m(c) = -10*c - 2. Let h be m(-2). Let b = 33 - h. What is the remainder when 43 is divided by b?
13
Suppose 0 = -w - 3*p + 1, 5*p = 2*w - 0 - 13. Suppose 0 + w = 4*c. Calculate the remainder when 34 is divided by (1 - 1) + c + 11.
10
Let k = -6 + 9. Suppose 36 = -k*u - 4*n + 153, 2*u + 2*n = 76. Suppose 2*f = -3*f + u. What is the remainder when f is divided by 4?
3
Suppose t = -2*b + 20, -5*t + 3*b = b - 64. What is the remainder when 105/t*2*1 is divided by 6?
3
Let r(z) = z**2 + 13*z + 6. Let h be r(-13). What is the remainder when 75 is divided by h/24 + (-309)/(-12)?
23
Let m(l) = -l**3 - 5*l**2 - 4*l. Let t be m(-4). Suppose 0 = 3*w - 4*k - 48, 0*w - 3*w + k + 39 = t. Calculate the remainder when 47 is divided by w.
11
Let u be 267/(-1)*14/(-21). Let y = 249 - u. What is the remainder when y is divided by 24?
23
Let t = 18 + 96. Calculate the remainder when t is divided by 9.
6
Let o = 57 + -29. What is the remainder when 137 is divided by o?
25
Suppose 2*a - 17 = 17. Calculate the remainder when 84 is divided by a.
16
Calculate the remainder when (-630)/(-24) - (-2)/(-8) is divided by 7.
5
Suppose 2*w - 616 = -5*w. Calculate the remainder when w is divided by 24.
16
Suppose 3*y - 10 = -2*w, 4*y - 4 = 3*w - w. Suppose 0 = -6*m + 4*m + 18. Calculate the remainder when (16 - -1)*2/w is divided by m.
8
Let t(o) = -6*o**3 - o**2 + 4*o. Let s(r) = -7*r**3 + 5*r - 1. Let z(c) = 5*s(c) - 6*t(c). What is the remainder when z(-5) is divided by 4?
3
Suppose -2*j = -3*j - 21. Let g = 49 + j. Calculate the remainder when g is divided by (15/(-2))/((-3)/4).
8
Let r(q) = -q**2 + 10. What is the remainder when r(0) is divided by 6?
4
Let w be 1/6 + 1/(-6). Let p be (-17 - w)/1*-1. Suppose 2 - p = -3*z. What is the remainder when z is divided by 2?
1
Suppose -9*l - 2*l = -1078. Calculate the remainder when l is divided by 17.
13
Suppose u = -1 - 84. Let h = 43 + u. Let i = 1 - h. What is the remainder when i is divided by 15?
13
Suppose 110*c - 18 = 108*c. Let r = 11 + 13. Calculate the remainder when r is divided by c.
6
What is the remainder when 19 is divided by 6/(-21) - 74/(-14)?
4
Let g be 1 - 3 - (-124)/4. Let u = 5 + g. Calculate the remainder when u is divided by 12.
10
Let x = -37 + 20. Let c = 14 - x. What is the remainder when c is divided by 11?
9
Let s(m) = m**2 + 8*m + 11. What is the remainder when 237 is divided by s(-9)?
17
Suppose -8*x + 4*x + 48 = 0. What is the remainder when 45 is divided by x?
9
Let d(j) be the first derivative of 6*j**3 + j**2/2 - j - 4. Calculate the remainder when d(-2) is divided by 24.
21
Suppose -202 = -2*b + 4*o, 0 = b - 0*o + 5*o - 87. Let v = -72 + 97. Calculate the remainder when b is divided by v.
22
Suppose -4*t = 3*d - 433, 0 = 3*t + 5*d - 316 - 17. What is the remainder when t is divided by 27?
25
Let b be 68/1*1/2. Suppose 5*o = b + 66. Calculate the remainder when 58 is divided by o.
18
Let a be ((-12)/8)/((-3)/4). Suppose -3*w = 4*v - 70, 0*w - 41 = -a*w + 3*v. Calculate the remainder when 8/(-24) - 512/(-6) is divided by w.
19
Let i(c) = -20*c + 1. Let w be i(-4). Suppose m - b - 4*b = 21, 5*m - b - w = 0. Calculate the remainder when m is divided by -2 - -14 - (5 - 2).
7
Let j be (3 - 3)/(-3 - -1). Suppose j = 3*t - 0*t - 27. Calculate the remainder when 25 is divided by t.
7
Suppose -48*i + 292 = -46*i. Calculate the remainder when i is divided by 25.
21
Let l(d) = 4*d + 3 + 3*d - d. Calculate the remainder when l(4) is divided by 10.
7
Suppose 16 = -t - h + 6*h, -3*t + h = 48. Let i = t + 56. What is the remainder when i is divided by 110/8 + 2/8?
12
What is the remainder when (2/(-4))/(7/(-350)) is divided by 6?
1
Let o = -15 - -9. What is the remainder when (73 - 3) + 4 + o is divided by 23?
22
Suppose -c + 3*w = -25, 3*c + 5*w - 53 = 3*w. Let h(n) = n**3 + 6*n**2 - 2*n - 1. What is the remainder when c is divided by h(-6)?
8
Calculate the remainder when 18 is divided by (-8)/(-6)*1*3 + 0.
2
Suppose d = -1 + 4. Calculate the remainder when 1/d + (-565)/(-15) is divided by 10.
8
Let h(w) = 4*w**2 + 25*w - 5. Calculate the remainder when 31 is divided by h(-7).
15
Suppose -3*f + 90 = 3*c, 0 = -5*f - c + 4*c + 118. Let w = -20 + 42. Let i = w + -8. What is the remainder when f is divided by i?
12
Suppose 2*x + 35 = 3*x. Suppose -6*l = -5*l - 90. Suppose -l = -5*z - 0. Calculate the remainder when x is divided by z.
17
Suppose 52 + 122 = 6*y. What is the remainder when 143 is divided by y?
27
Let r = 19 + -28. Suppose -c + 2 + 17 = 0. Calculate the remainder when (-54)/(7/(42/r)) is divided by c.
17
Let k = 35 - 32. Calculate the remainder when 10 is divided by k.
1
Let l be -3 + (-50 - -2)/3. Let b = 29 + l. Calculate the remainder when 18 is divided by b.
8
Calculate the remainder when 278 is divided by 4 - (-2 - -2) - -13*4.
54
Suppose 0 = -6*s - 14*s + 680. Suppose 4*m - 4 = 4*n, m - 3*n + 0*n = 3. What is the remainder when s is divided by 9 - m/((-4)/2)?
7
Suppose -3*w - w = 0. Suppose -2*c = -y - 6, w*c + 2*y = -2*c + 12. Let a = c - 1. What is the remainder when 4 is divided by a?
1
Suppose 0 = 5*g + 5 - 30. Let h be (-5)/(-10) + (-11)/(-2). Suppose -2*x = 3*m - 50, -36 = -h*m + 2*m + g*x. What is the remainder when 40 is divided by m?
12
Suppose -5 = 5*m - 0. Let v be 2/m - 2*-1. Suppose v = 4*f - 2*f - 48. What is the remainder when f is divided by 13?
11
Let y(x) = x**3 + 7*x**2 + 2*x - 3. Let c(s) = -s**2 + 1. Let t be c(-2). Let l(u) = u**2 - 2*u - 4. Calculate the remainder when y(-6) is divided by l(t).
10
Let p = 9 + -6. Suppose p*g + 3*j = 0, g = 3*g + 5*j + 9. Calculate the remainder when 4 is divided by g.
1
Let d = -5 - -15. What is the remainder when (3/(-1))/(1/(-13)) is divided by d?
9
Let l(g) = -g + 2. Let n be l(-3). Let b(h) = 2*h + 1. Let u = -26 - -57. Calculate the remainder when u is divided by b(n).
9
Suppose -5*v + 26 = -39. What is the remainder when 102 is divided by v?
11
Let a = -31 + 56. Suppose 4*y + 5 + 0 = -3*g, -a = -2*g + 3*y. Suppose 27 + g = 2*r. What is the remainder when r is divided by 9?
7
Suppose -5*t = -4*t + 2*i - 9, 3*t = 5*i + 5. Calculate the remainder when t is divided by 2.
1
Let n(k) = k + 17. Calculate the remainder when (-2 + 2 - 6)*(-56)/7 is divided by n(0).
14
Let k(n) = n + 4. Let p be 2 + 3/(-3) - 1. What is the remainder when 11 is divided by k(p)?
3
Let z(h) = -2*h - 2. Let o be z(-13). Let a = o - 12. What is the remainder when 45 is divided by a?
9
Let m(w) = w**3 - w**2 - w + 13. Suppose -2*g + 1 = -3. Suppose 125 = 3*k + g*k. Calculate the remainder when k is divided by m(0).
12
Suppose -7 = 